ulate the highest common factor of 8 and a.
8
Let p = -3388 + 5026. Calculate the highest common factor of 504 and p.
126
Suppose 56 = 2*m + 2*m. Let h be -2 + (1 - -3) + 2 + 1. Suppose -h*z + 7 + 13 = 5*f, 2*z - f - 2 = 0. What is the highest common divisor of m and z?
2
Suppose -30*j - 1342 = -19*j. Let a = 176 + j. Calculate the greatest common divisor of a and 135.
27
Let i = 5299 - 5294. Calculate the greatest common divisor of 2025 and i.
5
Let w(m) = -m**3 - 12*m**2 - 16*m - 16. Let u be w(-11). Let c be (-1)/4*(1 + -6 - 71). Let d = u - c. What is the highest common factor of d and 10?
10
Suppose 599*f + h + 79 = 602*f, h - 2 = 0. Calculate the greatest common factor of 747 and f.
9
Let j = 0 + 177. Suppose -7*h = -3*h - i - 216, 0 = -3*h - 3*i + j. What is the highest common divisor of 220 and h?
55
Suppose 49*k - 5749 = 1797. Calculate the greatest common divisor of 22 and k.
22
Let n(q) = 7*q**3 - 39*q**2 - 58*q - 14. Let i be n(7). Calculate the greatest common divisor of i and 13510.
70
Let z = 47 + -43. Suppose k + z*p = 79, 0*k = k - 2*p - 79. Suppose -9 = 76*f - k*f. Calculate the greatest common divisor of f and 18.
3
Suppose 4*v + 24*z - 22*z - 2700 = 0, -2708 = -4*v + 2*z. What is the highest common divisor of v and 10309?
169
Let f be (-12)/(2 - 98/48). Suppose -54*p = -655 - 416 - 657. What is the greatest common divisor of f and p?
32
Let w be 0 + (-11)/33 - 20/(-6). Suppose -f + w = -31. What is the highest common divisor of f and 51?
17
Let u = -7253 + 9979. What is the greatest common factor of u and 282?
94
Suppose -d - 4*g - 74 = 8, 0 = g + 3. Let l be (1300/d)/(1/(-7)). Calculate the highest common factor of l and 208.
26
Let t = -20 + 22. Suppose -2*m - t*m = -4*r + 24, m + 2 = -r. Let q be 465/3 - r/(-2). What is the highest common divisor of q and 39?
39
Let m be 1209/65 - 16/10. Calculate the highest common divisor of m and 5253.
17
Let j(s) = -5*s + 74. Let w be (-26 - -35) + 1 + 0. Let i be j(w). What is the highest common factor of i and 16?
8
Let r(b) = -52*b - 4. Let y be r(1). Let j be y/((-2)/24*3). What is the greatest common factor of j and 14?
14
Let x(p) = -4*p + 25. Let g be x(5). Suppose -g*i = 6*i - 110. What is the highest common divisor of 25 and i?
5
Let t(k) = k**3 - 11*k**2 - 24*k + 70. Let v be t(13). What is the highest common divisor of 1896 and v?
24
Suppose 2*q + 2 = -4, -3*z + 552 = 5*q. Let j be (-7)/28 - (-2)/((-8)/(-85)). What is the greatest common factor of j and z?
21
Suppose 6*z + 4 = 7*z, 0 = 2*p - 3*z - 9180. Calculate the greatest common factor of p and 12.
12
Let y = -2608 + 3159. What is the highest common divisor of y and 171?
19
Let x = 501 + -498. Suppose -2*v = 2*n - 44, -v + x*n + 11 - 1 = 0. Calculate the greatest common divisor of 817 and v.
19
Let b be (-24)/60*(-250)/20. Suppose 5*p - 3*f = 310, 4*p - p - 4*f - 175 = 0. Calculate the greatest common factor of b and p.
5
Let i = 10977 + -10809. Calculate the highest common divisor of 4200 and i.
168
Let z = -25 + 27. Suppose -60 = -2*s + 2*c, -3*s = -z*c + 7*c - 90. Calculate the greatest common divisor of s and 60.
30
Let l(h) = -7*h - 21. Let o be l(-7). Suppose o*z - 10 = 23*z. Suppose -n - z*n + 195 = 0. What is the highest common factor of 13 and n?
13
Suppose 13*z - 67 - 512 = -7. Calculate the highest common divisor of 7964 and z.
44
Let v = 1356 - 748. Calculate the highest common factor of v and 352.
32
Suppose 11*g = -167 + 1036. Suppose 2205 = -g*k + 86*k. What is the highest common divisor of k and 126?
63
Let l = 4260 + -4259. Calculate the greatest common factor of 81 and l.
1
Suppose x = -0*x. Suppose 0 = -2*j, x*b + 40 = b + 4*j. Suppose -8*r - 29 = -93. Calculate the highest common divisor of b and r.
8
Suppose n = -4*b - 132, -55 = 2*b + 2*n + 11. Let r = -31 - b. What is the highest common factor of 4 and r?
2
Let g = -315 + 318. Suppose -4*o + 132 + 124 = g*w, 4*w + 256 = 4*o. Calculate the highest common factor of 288 and o.
32
Let u(r) = 20*r - 917. Let o be u(46). Suppose 194 + 355 = 3*h. What is the highest common factor of h and o?
3
Suppose 132793 + 44715 = 62*o + 336*o. Calculate the greatest common factor of 8 and o.
2
Let m = -907 + 909. Let r = 115 - 71. Suppose -m*t + r = -18. Calculate the greatest common factor of 310 and t.
31
Let b = 97 - -258. Let h be (-1 + -20)*b/(-497). Calculate the greatest common factor of h and 12.
3
Let q be (1/2)/((-3)/(-18)). Let w(t) = 3806*t**3 + 3*t**2 + 8*t - 3805*t**3 - 7*t**2 - 6. Let h be w(q). Calculate the highest common divisor of h and 144.
9
Suppose 324 = 4*u + f + 9, -3*u = -4*f - 241. Suppose -9*z - u = n - 11*z, -161 = 2*n - 5*z. Let y = 98 + n. What is the highest common divisor of y and 50?
25
Suppose 0 = 33*i - 2420 + 836. Let f(b) = b**2 - 6*b - 9. Let z be f(-3). Calculate the highest common divisor of z and i.
6
Suppose -253*d + 251*d = 2, 0 = -4*q - 4*d + 13828. What is the highest common factor of q and 42?
14
Let d be 6/(-5)*(-455)/14. Let p = d - 39. Suppose p = 4*y + 1 - 13, 3*g = -4*y + 18. Calculate the highest common factor of 2 and g.
2
Suppose 224*l = 174*l + 4800. Let t be (192 + 6)*24/9. What is the greatest common divisor of t and l?
48
Let f = -614 - -367. Let w = f - -310. Let p(l) = l**2 - 5*l + 1. Let g be p(6). What is the highest common divisor of w and g?
7
Let n be (3 + 25)*3/(8 - 2). Let o be 1 - -17 - 1/(7/n). Calculate the greatest common divisor of 24 and o.
8
Suppose 75*h = -122*h + 804984 + 248178. Calculate the greatest common divisor of 22 and h.
22
Suppose -2*z + 37 = w - 261, -3*w = 3*z - 453. Calculate the highest common factor of z and 833.
49
Let i be (58/(-116))/(2/(-12376)). Suppose -s - i = -8*s. What is the greatest common divisor of 26 and s?
26
Suppose -6*x = 3*t - 4*x - 835, -5*x = 5*t - 1400. Calculate the greatest common factor of 925 and t.
25
Let c(g) = -25*g + 764. Let f be c(30). Calculate the highest common factor of 1659 and f.
7
Suppose -4*t + 3*m = -750, t - 182 = -5*m + 17. Suppose 9*y - t = -0*y. What is the highest common divisor of y and 63?
21
Let w(a) = 5*a**2 - 237*a + 373. Let j be w(46). Calculate the greatest common divisor of j and 1479.
51
Let q be (5 - (2 + (-3)/3))*127. Suppose -2358 = -25*k - q. What is the highest common divisor of 666 and k?
74
Let t = -7 - -36. Let a = 33 - t. Let g = a - -41. Calculate the greatest common divisor of g and 15.
15
Suppose 5*p + 80 = 5*v, -4*v - 5*p + 58 = -6*p. Let s(t) = -136*t - 1869. Let z be s(-14). What is the greatest common factor of z and v?
7
Let z = 699 - -21. Let t be (z/(-54))/((-16)/6 - -2). What is the greatest common divisor of 560 and t?
20
Let m(t) = 2*t**2 - 37*t + 19. Let f be m(18). Let w be (30/26 - f) + (-121278)/(-1599). What is the greatest common factor of w and 19?
19
Let y(x) = 2*x**3 - 7*x**2 - 26*x + 8. Let j(w) = 2*w**2 - 69*w + 43. Let t be j(34). Let b be y(t). What is the highest common divisor of 70 and b?
35
Let k = -27 - -28. Let r be ((6/(-9))/k)/(5/(-1200)). What is the highest common factor of r and 32?
32
Let j(k) = 32*k**2 + 88*k - 10. Let p be j(-4). What is the highest common divisor of p and 1725?
75
Suppose 0 = 4732*k - 4651*k - 11907. What is the greatest common factor of 43953 and k?
147
Let p(k) = 2*k**2 - 164*k + 3366. Let o be p(27). Calculate the highest common factor of o and 1452.
132
Let v = 652 + -603. Suppose v = 31*c - 137. Calculate the greatest common factor of c and 10.
2
Let n(d) be the first derivative of 70*d**2 - 4*d - 52. Let k be n(3). What is the highest common factor of k and 32?
32
Let p(k) = 9*k**2 - 2*k + 1. Let u be p(1). Suppose -2*g + 3 = 2*r - 39, -65 = -5*r + 3*g. Suppose r*l - 7*l = 72. What is the highest common factor of l and u?
8
Let t(f) = f**3 - 12*f**2 + 12*f - 4. Let n be t(11). Let c(u) = 23*u - 127. Let l be c(n). What is the highest common factor of l and 17?
17
Let l be (-1*(0 - 2) - 2)/(-2). Suppose 4*s + 7*s - 220 = l. What is the highest common divisor of s and 100?
20
Suppose 1319 = 36*h - 85. What is the greatest common divisor of h and 169?
13
Suppose -4*l - 426 = 62. Let z(b) = -382*b**2 + 5*b + 6. Let j be z(-1). Let q = l - j. Calculate the highest common factor of q and 37.
37
Let y be 31 + (16 - 12) + -3. Suppose -2*g + 5*g + 9 = 0.